= -16*s + 5. Let k be r(0). Let c(h) = 3*h**2 + h**3 - 5*h + k*h + 3*h - 2*h**3 - 2. Let t = 16 - 13. Determine c(t).
7
Suppose 9*n = 4*n + 4*g + 9, -2*n + 4*g - 6 = 0. Let l(p) = 26*p + 2*p**3 - n - 40*p + 2*p**3 - 11*p**2 + 26*p - 3*p**3. Give l(10).
15
Let j(k) = 3 - 11*k - 8*k**2 - 7*k - 6*k**2 + 12*k**2. Let i be j(-9). Let c(z) = -21*z + 23*z + 7*z**3 - 1 + z**i. Calculate c(1).
9
Let v = 17595 - 17558. Suppose -2*o - 24 = -o - t, 3*o + t = -92. Let a = v + o. Let r(y) = y - 11. Calculate r(a).
-3
Let y(g) = -2*g**3 - 25*g**2 + 22*g - 2. Let f(j) = j**3 + 13*j**2 - 11*j + 2. Let d(q) = -9*f(q) - 5*y(q). Calculate d(-9).
10
Let v(b) = 10*b**3 - b**2 + b - 1. Let y be ((-18)/10 - 0)*-5. Suppose -51*a = -396 - 63. Suppose -a = -y*l - 0. Determine v(l).
9
Let u be (1 - -122) + 7 + -8 + 3. Suppose -7 = a - 9. Let q(n) = -65*n**3 - 3*n**a + 3*n - 2 + u*n**3 - 1 - 61*n**3. Give q(-4).
1
Let h(r) be the first derivative of 2*r**2 + 2*r + 56. Let f(w) = -w**2 - 6*w - 3. Let k be f(-4). Let p be 54/(-45)*k/(-3). What is h(p)?
10
Let t = 23106 + -23074. Let a(w) = w**2 - 24*w - 251. Give a(t).
5
Let s = -386 - -646. Let o(h) = 4*h + 2*h - 4*h - 259 + 518 - s. Calculate o(-2).
-5
Let n be (-15)/25*50/15*-3. Let g(h) = h**3 + 122 - 242 + 0*h**3 - 5*h**2 + 0*h**3 + n*h + 121. Calculate g(5).
31
Suppose -2*n = -163 + 427. Let p = -130 - n. Let g(y) = -3*y**2 + 4*y - 2. Determine g(p).
-6
Suppose -303 + 75 = -80*q + 332. Let f(b) = 3*b - b - 10 + b - 4*b. Determine f(q).
-17
Let q(g) be the first derivative of -2*g**3/3 - g**2/2 - 2*g + 166. Suppose 6 = -2*o + 4*m, -m = 2 - 3. What is q(o)?
-3
Let a(f) be the third derivative of f**5/60 - 5*f**4/24 - f**3/2 + 14*f**2. Let c = 72 + -37. Suppose c - 11 = 4*d. Give a(d).
3
Let r be (1 - 0)*-3 + 9. Let a(h) be the second derivative of h**4/12 - 5*h**3/6 - 5*h**2/2 - 137*h + 3. Calculate a(r).
1
Suppose -25 = -3*d - 1. Let w(k) = -27*k**2 + 5*k. Let r(o) = -7*o**2 + 3*o + 1. Let v(j) = 4*r(j) - w(j). What is v(d)?
-4
Suppose 4*t = 5*t + 5*m - 59, -4*t - 2*m = -146. Let n be t/6 + (-3)/(-9). Let g(a) = -5*a + 5*a + n*a**3 + 0*a - a**2. What is g(1)?
5
Let c(v) = 4981*v - 27*v**2 + 28*v**2 - 4982*v + v**3 + 12. Let b = 25 - 5. Suppose -4*m + 0*m - b = -4*h, -m + 15 = 3*h. Determine c(m).
12
Let j(k) = -29*k - 21. Let s(q) = -30*q - 211. Let u be s(-7). Let g(b) = 4*b + 2. Let f(d) = u*j(d) - 7*g(d). Calculate f(6).
13
Let z = 207 + 108. Let g be ((-8)/14)/((-18)/z). Let m(p) = p - 8. Give m(g).
2
Let p(r) = 335 + 68*r - 19*r - 16*r - 20*r - 25*r. Calculate p(28).
-1
Let t(j) = -3*j - 6. Suppose -9 = 3*l - 3*r, 5*l + 2*r - r + 9 = 0. Let a be (-16)/(-12) - l/3 - 2. Suppose k - 2 + 6 = a. What is t(k)?
6
Let q(f) = -11*f + 21. Let z(b) = -15*b + 20. Let l(o) = 4*q(o) - 3*z(o). Determine l(-21).
3
Let m(t) = 4*t + 6. Let q(n) = -42*n**3 - 2*n**2 + 1. Let c be q(-1). Suppose c = 4*o - 23. Let b = -20 + o. Calculate m(b).
-10
Suppose 7*a - 4144 = a - 4186. Let u(k) = -3*k + 5. Let t(n) = -7*n + 9. Let j(f) = -4*t(f) + 9*u(f). Determine j(a).
2
Let n(s) = s**2 - 1. Let c(a) = -3*a**2. Let q(f) = 3*c(f) + 8*n(f). Suppose -5*r - 78 - 17 = 0. Let v = -19 - r. Calculate q(v).
-8
Let d = -29 + 26. Let u(t) be the second derivative of t**5/20 + t**4/3 - t**3/6 - t**2/2 - 5*t - 13. Calculate u(d).
11
Let n(s) = -s - 30. Suppose 6453 = 26*g + 6895. What is n(g)?
-13
Let u(w) be the first derivative of w**3/3 + 9*w**2/2 + 3*w - 3. Suppose -20 = 3*b + 2*s, 6*b + 71 = s + 21. Give u(b).
-5
Let v(r) = 3*r - 291189 + 291189 + r**2. Suppose 4*q = -h - 25, 0 = h + 3*q + 10 + 10. What is v(h)?
10
Let k(b) = -30*b - 36*b - 616 + 65*b + 453 + b**2. What is k(0)?
-163
Let n(a) be the first derivative of a**4/4 + 7*a**3/3 - a**2/2 + 12*a - 1146. What is n(-7)?
19
Let u(h) be the second derivative of -2*h**3 - 83*h**2/2 - 2074*h + 2. Determine u(-6).
-11
Let m be -6 + 26 + 2/2. Suppose g = -m + 14. Let l(r) = r**2 + 9*r + 5. What is l(g)?
-9
Let r(f) = -f**2 + 7*f + 7. Suppose 79 - 9 = 2*c. Let t be -1 + 12/9 + c/(-15). Let p(g) = g + 8. Let h be p(t). Give r(h).
13
Let i(n) = 2*n**3 - 4*n**2 + 2*n. Let x be 13 + -5*(-4 - -3). Suppose -3*a + 0 + x = 0. Suppose -3*b + a = -0. Calculate i(b).
4
Let x(i) = 11*i**3 + 3*i - 2*i - 3*i**3. Let u(q) = -4*q**2 + 67*q + 926. Let l be u(-9). Give x(l).
-9
Let j(m) = m + 1. Suppose 0 = -2*t + 4*k + 4, -7*k - 4 = 4*t - 3*k. Suppose t = -8*s - 100 + 60. Give j(s).
-4
Let q = -3034 + 3031. Let l(w) = -w**2 + 5*w + 7. Calculate l(q).
-17
Let l(v) = -v**2 + 9*v - 6. Let i be l(6). Let x = i - 13. Let r(w) = 32*w**2 - w - 1. What is r(x)?
32
Let j(c) = 28*c + 23 + 31*c - 51*c. Suppose 4*d + 9 = -2*w + 1, -w - 7 = 5*d. Let x(f) = 4*f + 11. Let a(p) = w*j(p) + 5*x(p). Give a(-6).
-15
Let f(a) = -a**3 + 7*a**2 + 11*a - 18. Let q = 6527 + -6519. Calculate f(q).
6
Let t(r) = r**2 - 145*r + 13. Let y(g) = 3*g**2 - 511*g + 40. Let j(n) = 7*t(n) - 2*y(n). Calculate j(-11).
55
Let m be 6 + 5/(-30) + 12/72. Let q(k) = k + 1. What is q(m)?
7
Suppose -32*r = -25*r + l - 24, -3*r - 2*l = -15. Let n(k) = k**3 - k**2 - 7*k. Give n(r).
-3
Suppose 5*j + 3 = 13, -5*j = 5*x - 20. Let o be -7 + (4 + x - -3). Let i(v) = 2*v - 2. Calculate i(o).
2
Let r(b) = -212*b**2 + 56 + 284*b + 211*b**2 - 279*b. Give r(-5).
6
Suppose 13 = 3*b + 2*z - 7, 5*z - 5 = -3*b. Let t(m) = 263*m**2 + 46*m + 29. Let q(v) = 22*v**2 + 3*v + 2. Let i(p) = -12*q(p) + t(p). Give i(b).
5
Let t = -7 - -1. Let m(s) = 39*s - 34*s + 3*s**2 - 8*s**3 + 2*s**2. Let u(l) = -7*l**3 + 6*l**2 + 6*l. Let i(r) = t*u(r) + 7*m(r). Determine i(-1).
14
Let x be (-279)/99 - (-4)/3*(-3)/22. Let v(n) = -2*n**3 + 2*n**2 - 10*n - 8. Calculate v(x).
94
Let l(o) = -22*o**2 + 31*o**2 - 13 + o**3 + o - 22*o**2. Let h be l(13). Let q(m) = -454*m**2 + 458*m**2 - 3*m + 4*m + h*m - 1 + m**3. Give q(-4).
-5
Let m = -5705 + 5695. Let u(x) = -4*x + 1. Calculate u(m).
41
Let y(f) = f**2 + 786 + 2*f + 786 - 1569 + 0*f**2. Calculate y(-2).
3
Let l(q) = 3*q - 3*q + 4*q**2 - 6*q**2 + 0 + 1 + 2*q**3. Suppose -68 + 13 = -5*p. Let z = p - 13. What is l(z)?
-23
Suppose 0 = -9*x + x + 280. Let o be 58/10 - (56/x)/(-8). Let i(t) = -6*t - 7 + 14 - o - 2. Calculate i(1).
-7
Suppose -4*u = 2*t - 50, -69*u + 67*u = 4*t - 40. Let o(m) = 5*m + 4. Let a(b) = -b + 1. Let d(x) = 6*a(x) + o(x). Determine d(u).
0
Let q(k) = 21 - 6*k + 7 - 22 - 3. Let t = -92 + 90. Calculate q(t).
15
Let t(g) = 1 - 3*g + 0*g - g + g. Suppose 4*v - 8 = -2*j - 0, -j + 3*v = 21. Let a be j/(-45) - (-504)/270. Calculate t(a).
-5
Let j(c) = -2 + 6 + c + 3*c**2 + 0*c**2 - 4*c**2 - 3*c**2. Give j(2).
-10
Let s be 1 - (6/(-8) - (-18)/24). Suppose 3*n + 8 = -s. Let i(g) be the second derivative of -g**4/12 - g**3/6 - g**2/2 + 3*g. What is i(n)?
-7
Let f(v) = 28*v**3 + v**2 - 5. Let m(n) = 9*n**3 - n**2. Let w(o) = -f(o) + 3*m(o). Suppose -5 = 2*b + 1. Give w(b).
-4
Let t(k) = -16*k - 19*k - 19*k - 12*k + 64*k + 9. What is t(10)?
-11
Let a(w) = -1 - 22 - w + 62. Give a(0).
39
Let k = 13286 + -13297. Let r(s) = 3*s - 2. Calculate r(k).
-35
Suppose 0 = -1213*f + 1214*f - 6, 4*f - 12 = 3*x. Let t(i) = 16*i + 15. Calculate t(x).
79
Let n(o) = -o**2 + 56*o - 702. Let b(k) = 5*k**2 + 65*k - 51. Let l be b(-14). Give n(l).
1
Suppose -5*y + 15 = -8*u + 13*u, 3*u - 2 = -2*y. Let f(h) be the first derivative of h**4/4 - 2*h**3 - 3*h**2 - 3*h - 9. What is f(y)?
4
Let m(y) be the second derivative of -1/12*y**4 - 5/3*y**3 - 9/2*y**2 + 62*y + 0. What is m(-10)?
-9
Let y(d) be the second derivative of 1/2*d**2 + 0 - 80*d - 1/2*d**3 - 1/20*d**5 + 5/12*d**4. Give y(3).
10
Let h(n) = 12*n + 22. Let v be (4/8 - 70/12)*18/(-24). Give h(v).
70
Let z(x) be the third derivative of x**6/720 + 11*x**5/120 - 221*x**4/24 - x**2 - 3*x. Let c(m) be the second derivative of z(m). Calculate c(-12).
-1
Suppose -19 = -n - 15. Suppose 2*l = q - 15, -3*q = n*l - 5 - 20. Let s(f) = -f**3 + 12*f**2 - 10*f - 9. Determine s(q).
2
Let g = -69 - -104. Let y = 54 + g. Let f(j) = -1 - 42*j**2 - 50*j**2 + y*j**2. What is f(-2)?
-13
Let c(r) = 6*r**2 + 9*r + 33. Let t(h) = -5*h**2 - 8*h - 26. Let n(f) = 4*c(f) + 5*t(f). Suppose -4 = -d - 2*m, -4*d - 8 = -2*m + 16. Give n(d).
2
Let w(b) = -b + 43. Suppose -11*p + 7 = -158. Determine w(p).
28
Let j(i) = -8 - 5*i - 4*i + 4*i +